sor of 159960 and 55900?
860
What is the greatest common divisor of 56268 and 48492?
108
Calculate the highest common divisor of 27632 and 10131.
11
Calculate the highest common divisor of 22032 and 279450.
162
Calculate the highest common factor of 1202466 and 1342941.
5619
Calculate the highest common factor of 1210134 and 2034.
6
Calculate the highest common divisor of 43732564 and 824.
412
What is the greatest common factor of 1976860 and 72349?
1019
Calculate the greatest common factor of 74153 and 81151509.
2557
What is the greatest common factor of 172 and 22316828?
172
What is the highest common factor of 123 and 38719867?
41
What is the highest common factor of 25814450 and 356?
178
What is the highest common divisor of 3564816 and 2?
2
What is the greatest common divisor of 1065 and 179133?
213
Calculate the highest common factor of 1753074 and 1173.
51
What is the greatest common divisor of 18 and 119679453?
9
Calculate the greatest common factor of 15587 and 7556263.
143
What is the greatest common factor of 116 and 9135667?
29
Calculate the highest common divisor of 66 and 48166701.
33
What is the greatest common factor of 2513835 and 164025?
1215
Calculate the greatest common factor of 33370 and 663140.
710
Calculate the highest common factor of 261 and 11880198.
261
Calculate the greatest common divisor of 598 and 51947478.
46
Calculate the highest common divisor of 1664 and 353366.
26
Calculate the greatest common factor of 94068 and 2712.
12
Calculate the greatest common divisor of 1486715 and 75665.
2045
Calculate the greatest common factor of 899728 and 273692.
212
Calculate the highest common factor of 9768353 and 4301.
391
What is the highest common divisor of 2702637 and 2898?
63
Calculate the highest common factor of 100485704 and 132.
44
Calculate the greatest common divisor of 108591 and 59724.
21
What is the greatest common factor of 4565292 and 36?
12
What is the highest common factor of 31 and 15601091?
31
What is the highest common divisor of 40585 and 8375?
5
What is the highest common divisor of 390 and 2099064?
6
What is the highest common divisor of 190618 and 417526?
382
Calculate the greatest common divisor of 413345 and 11450.
1145
What is the greatest common factor of 210 and 26420730?
210
Calculate the highest common divisor of 56373150 and 1212.
606
What is the greatest common factor of 368 and 20427933?
23
What is the greatest common factor of 94985 and 237070?
785
Calculate the highest common factor of 23 and 230172615.
23
What is the highest common factor of 9215965 and 132?
11
What is the greatest common divisor of 51519 and 1495?
13
What is the highest common factor of 654 and 216473346?
654
Calculate the greatest common factor of 27 and 53896617.
27
What is the highest common divisor of 6526 and 7302373?
13
What is the highest common factor of 460 and 13718070?
10
Calculate the highest common divisor of 384 and 151546.
2
What is the highest common factor of 143 and 17306705?
13
Calculate the highest common factor of 80 and 7043016.
8
Calculate the greatest common factor of 164 and 124839752.
164
Calculate the highest common divisor of 636341 and 41311.
379
What is the highest common divisor of 105983265 and 1695?
1695
What is the greatest common divisor of 28631836 and 1316?
188
Calculate the highest common factor of 141436440 and 90.
90
What is the greatest common divisor of 496499 and 29?
1
What is the greatest common divisor of 990320 and 40240?
80
What is the greatest common divisor of 125997998 and 1204?
602
What is the greatest common factor of 6151583 and 296?
37
Calculate the highest common divisor of 64 and 498677024.
32
Calculate the greatest common factor of 8102092 and 22951.
389
What is the highest common factor of 29 and 2376903017?
29
Calculate the highest common factor of 195 and 230600500.
65
Calculate the highest common divisor of 10067504 and 112144.
688
What is the highest common factor of 406 and 62365573?
29
Calculate the highest common divisor of 39188 and 16.
4
What is the highest common factor of 464 and 1797072?
464
Calculate the highest common factor of 1184 and 31254640.
592
Calculate the highest common factor of 81950312 and 113.
113
Calculate the highest common divisor of 475 and 7778676.
19
Calculate the highest common factor of 72494171 and 16762.
493
What is the highest common divisor of 874258 and 4851?
539
Calculate the highest common divisor of 1533524 and 7811.
107
Calculate the highest common factor of 1968 and 57722916.
492
Calculate the greatest common divisor of 112 and 13844464.
16
Calculate the greatest common factor of 1627020 and 70380.
4140
Calculate the greatest common factor of 589190 and 1861486.
886
Calculate the highest common divisor of 523984 and 76.
4
Calculate the greatest common divisor of 1521 and 70655520.
507
What is the greatest common divisor of 3058 and 6488834?
22
What is the greatest common factor of 18 and 249077682?
18
What is the greatest common factor of 621 and 204363?
27
What is the greatest common divisor of 41743090 and 278?
278
Calculate the highest common divisor of 810 and 93231.
81
Calculate the highest common divisor of 25602114 and 258.
258
Calculate the greatest common factor of 166 and 321440906.
166
Calculate the greatest common divisor of 613275 and 20553.
663
Calculate the highest common divisor of 84 and 227249652.
84
What is the highest common factor of 129 and 62023587?
129
Calculate the greatest common divisor of 9660618 and 6208.
194
Calculate the highest common factor of 6592 and 1443664.
16
What is the highest common factor of 58515393 and 3?
3
What is the highest common factor of 756 and 3892203?
63
What is the greatest common divisor of 554265140 and 715?
715
Calculate the highest common factor of 76190 and 23911229.
401
Calculate the greatest common factor of 3633924 and 228.
12
Calculate the highest common divisor of 466479 and 161109.
1053
Calculate the greatest common factor of 390 and 44095545.
195
Calculate the highest common divisor of 97658184 and 1612.
1612
Calculate the highest common divisor of 3400 and 115396.
68
Calculate the greatest common factor of 5264441 and 1148.
287
Calculate the greatest common factor of 7811100 and 22.
22
What is the highest common divisor of 10277 and 20772207?
239
Calculate the highest common divisor of 12330059 and 9.
1
Calculate the highest common factor of 4879 and 104652459.
697
What is the highest common factor of 2050 and 119146?
82
What is the greatest common divisor of 30 and 175391712?
6
What is the greatest common factor of 733824 and 2448?
144
What is the greatest common divisor of 73455 and 9335?
5
What is the greatest common factor of 757495 and 80?
5
Calculate the highest common factor of 356 and 677509652.
356
What is the highest common divisor of 192 and 2275472?
16
Calculate the greatest common divisor of 40211425 and 1225.
25
Calculate the greatest common factor of 2862 and 4616088.
318
What is the highest common divisor of 959280 and 480?
240
What is the highest common factor of 14304 and 1092192?
96
Calculate the greatest common factor of 262 and 56521653.
131
Calculate the highest common divisor of 40 and 14438605.
5
Calculate the greatest common factor of 10333918 and 1624.
406
Calculate the greatest common divisor of 141 and 2886787.
47
Calculate the greatest common divisor of 3136 and 4686360.
392
Calculate the greatest common factor of 472524561 and 27.
9
What is the highest common factor of 26446676 and 1268?
1268
What is the greatest common divisor of 145972 and 100?
4
What is the greatest common factor of 111 and 2233923?
3
Calculate the highest common divisor of 6991 and 691.
1
Calculate the highest common divisor of 275334433 and 2354.
1177
Calculate the highest common factor of 20442 and 7374.
6
What is the greatest common factor of 36216479 and 1313?
1313
Calculate the greatest common factor of 1884900 and 323300.
6100
Calculate the greatest common factor of 8101710 and 40.
10
What is the greatest common divisor of 5255840 and 130?
10
What is the greatest common factor of 5058414 and 2286?
18
Calculate the highest common factor of 83212206 and 21.
21
Calculate the highest common factor of 2160123652 and 388.
388
Calculate the highes